9?
False
Does 11 divide 2846129?
True
Does 146 divide 63828?
False
Does 193 divide 63173?
False
Is 61538 a multiple of 58?
True
Does 31 divide 138446?
True
Is 291963 a multiple of 21?
True
Is 71091 a multiple of 15?
False
Is 762161 a multiple of 17?
True
Is 7 a factor of 6657?
True
Does 151 divide 53379?
False
Does 13 divide 335231?
True
Is 30799 a multiple of 19?
True
Is 3 a factor of 623397?
True
Does 98 divide 80901?
False
Is 613 a factor of 19427528?
False
Does 21 divide 15570408?
True
Is 128 a factor of 94619?
False
Is 35 a factor of 38854?
False
Is 5599122 a multiple of 16?
False
Is 6 a factor of 43140?
True
Does 1225 divide 7862253?
False
Is 2352 a multiple of 14?
True
Is 324568 a multiple of 19?
False
Is 16 a factor of 1480496?
True
Is 10 a factor of 16012860?
True
Is 14 a factor of 713188?
True
Is 3 a factor of 117190?
False
Does 83 divide 860438?
False
Is 22 a factor of 12432750?
True
Is 290940 a multiple of 30?
True
Is 607338 a multiple of 621?
True
Is 3184440 a multiple of 210?
True
Is 61746 a multiple of 6?
True
Is 84 a factor of 2758736?
False
Is 1177 a factor of 9937667?
False
Does 13 divide 119483?
True
Is 56568 a multiple of 33?
False
Is 245785 a multiple of 148?
False
Is 1146184 a multiple of 104?
True
Is 29 a factor of 54398?
False
Is 38 a factor of 250800?
True
Is 535 a factor of 101538?
False
Does 800 divide 4213600?
True
Is 192 a factor of 123456?
True
Does 22 divide 249568?
True
Does 61 divide 1023763?
True
Is 894170 a multiple of 164?
False
Does 102 divide 228888?
True
Is 11 a factor of 2372362?
False
Is 64320 a multiple of 7?
False
Does 262 divide 61996?
False
Is 1072754 a multiple of 17?
False
Is 53 a factor of 277084?
True
Is 12 a factor of 1871844?
True
Does 65 divide 652340?
True
Does 27 divide 3468777?
False
Is 11520187 a multiple of 68?
False
Does 16 divide 23828?
False
Is 523710 a multiple of 90?
True
Is 77175 a multiple of 35?
True
Is 88510 a multiple of 53?
True
Is 1175799 a multiple of 44?
False
Does 29 divide 44602?
True
Is 1366 a factor of 2136424?
True
Is 120994 a multiple of 13?
False
Is 34464 a multiple of 61?
False
Is 560196 a multiple of 57?
True
Is 7760535 a multiple of 309?
True
Does 7 divide 2758579?
False
Is 197 a factor of 270150?
False
Is 14 a factor of 21379400?
True
Is 2042507 a multiple of 29?
False
Is 1443145 a multiple of 11?
True
Is 34 a factor of 30292?
False
Is 293173 a multiple of 213?
False
Is 12246388 a multiple of 1818?
False
Is 7 a factor of 70910?
True
Is 5 a factor of 225939?
False
Is 477963 a multiple of 67?
False
Is 1401288 a multiple of 878?
True
Is 3804021 a multiple of 369?
True
Does 14 divide 2872226?
True
Does 136 divide 1869204?
False
Does 14 divide 4613056?
True
Is 2631794 a multiple of 46?
False
Is 755 a factor of 585215?
False
Does 38 divide 82423?
False
Is 10758164 a multiple of 479?
False
Does 5 divide 115140?
True
Is 5794344 a multiple of 24?
True
Does 16 divide 377899?
False
Is 6 a factor of 6666432?
True
Does 3 divide 2747883?
True
Does 10 divide 6160?
True
Is 11084490 a multiple of 485?
False
Does 134 divide 14722283?
False
Is 6926020 a multiple of 1273?
False
Is 7 a factor of 180047?
True
Does 908 divide 5820280?
True
Is 30606 a multiple of 63?
False
Does 46 divide 1594038?
True
Is 1283856 a multiple of 21?
True
Is 447 a factor of 836337?
True
Is 2272 even?
True
Is 12 a factor of 12588?
True
Does 327 divide 9141285?
True
Does 4 divide 80990?
False
Is 4812115 a multiple of 385?
True
Is 13 a factor of 4497574?
False
Is 903397 a multiple of 216?
False
Is 10 a factor of 15634?
False
Does 114 divide 773148?
True
Is 2521026 a multiple of 9?
True
Is 175 a factor of 411600?
True
Is 16 a factor of 8588320?
True
Is 465366 a multiple of 726?
True
Is 14 a factor of 1659440?
False
Is 31382 a multiple of 71?
True
Is 4758781 a multiple of 126?
False
Is 3885 a multiple of 227?
False
Is 8299650 a multiple of 30?
True
Is 964335 a multiple of 13?
False
Is 23 a factor of 280761?
True
Is 399 a factor of 153189?
False
Is 3525126 a multiple of 16?
False
Is 41331 a multiple of 5?
False
Is 451068 a multiple of 429?
False
Is 15 a factor of 4263760?
False
Does 2 divide 128595?
False
Does 2 divide 68442?
True
Is 623938 a multiple of 4?
False
Is 592650 a multiple of 383?
False
Does 17 divide 14532?
False
Is 191018 a multiple of 149?
True
Is 69258 a multiple of 42?
True
Is 279 a factor of 16685147?
False
Is 29 a factor of 7269982?
False
Is 11 a factor of 58190?
True
Is 22 a factor of 140136?
False
Does 323 divide 2751637?
True
Is 118 a factor of 4602?
True
Is 12 a factor of 2119488?
True
Does 5 divide 563648?
False
Does 5 divide 25019?
False
Does 34 divide 25357?
False
Is 135287 a multiple of 59?
True
Is 57320 a multiple of 111?
False
Is 267288 a multiple of 296?
True
Is 91 a factor of 1347255?
True
Is 11631 a multiple of 30?
False
Is 197014 a multiple of 105?
False
Is 12 a factor of 13535807?
False
Does 7 divide 85603?
True
Does 132 divide 244728?
True
Does 192 divide 2196672?
True
Does 14 divide 1568010?
False
Does 651 divide 899682?
True
Is 103969 a multiple of 149?
False
Is 472 a factor of 2037869?
False
Is 17691 a multiple of 14?
False
Is 47 a factor of 191056?
False
Is 24921 a multiple of 24?
False
Does 34 divide 47862?
False
Is 5917 a multiple of 2?
False
Does 29 divide 44486?
True
Is 9 a factor of 19872?
True
Is 14 a factor of 11746?
True
Is 107510 a multiple of 26?
True
Is 137965 a multiple of 222?
False
Is 172 a factor of 1551149?
False
Is 308 a factor of 3166240?
True
Does 447 divide 3007794?
False
Does 15 divide 7718152?
False
Does 55 divide 3231557?
False
Is 61480 a multiple of 20?
True
Does 102 divide 1212665?
False
Does 8 divide 76700?
False
Is 71608 a multiple of 135?
False
Does 374 divide 1662056?
True
Is 508368 a multiple of 105?
False
Is 1326639 a multiple of 74?
False
Is 374 a factor of 11206995?
False
Does 27 divide 189756?
True
Is 86 a factor of 11267376?
True
Does 3 divide 8817?
True
Is 9 a factor of 13605039?
True
Is 12 a factor of 565260?
True
Is 2992 a multiple of 68?
True
Does 81 divide 45617?
False
Is 97 a factor of 69258?
True
Is 300620 a multiple of 88?
False
Does 3 divide 17356?
False
Is 7494685 a multiple of 43?
True
Is 962784 a multiple of 32?
True
Does 4 divide 78468?
True
Is 106 a factor of 126528?
False
Is 26 a factor of 5151536?
True
Is 8496338 a multiple of 735?
False
Is 16 a factor of 17168?
True
Is 15126249 a multiple of 16?
False
Does 7 divide 50386?
True
Does 125 divide 2238166?
False
Is 5916934 a multiple of 19?
False
Is 493 a factor of 518636?
True
Is 173400 a multiple of 340?
True
Is 46569 a multiple of 6?
False
Does 33 divide 1040160?
True
Is 52225 a multiple of 17?
False
Does 6 divide 294800?
False
Is 286 a factor of 13508782?
False
Is 199 a factor of 229845?
True
Is 220 a factor of 250948?
False
Does 68 divide 5556892?
True
Is 1114 a factor of 6023410?
False
Is 5267552 a multiple of 16?
True
Is 1409777 a multiple of 5?
False
Is 902880 a multiple of 120?
True
Is 13 a factor of 19642?
False
Is 118 a factor of 190626?
False
Does 80 divide 146606?
False
Is 4582 a multiple of 2?
True
Does 150 divide 1742250?
True
Does 11 divide 536767?
True
Is 24 a factor of 661277?
False
Is 711 a factor of 145755?
True
Is 476 a factor of 2727004?
True
Is 161296 a multiple of 17?
True
Is 374 a factor of 173910?
True
Is 492135 a multiple of 96?
False
Is 13 a factor of 19864?
True
Does 361 divide 170392?
True
Does 10 divide 396950?
True
Does 37 divide 20239?
True
Is 75 a factor of 298800?
True
Is 431 a factor of 254099?
False
Is 2501248 a multiple of 64?
True
Does 13 divide 11679900?
False
Is 223443 a multiple of 12?
False
Is 454960 a multiple of 242?
True
Is 6039954 a multiple of 9?
True
Is 1293065 a multiple of 1190?
False
Is 665658 a multiple of 13?
False
Is 1839929 a multiple of 5?
False
Is 17100126 a multiple of 18?
True
Is 354 a factor of 1633002?
True
Is 9 a factor of 588699?
True
Is 5 a factor of 2834395?
True
Is 16 a factor of 123184?
True
Does 993 divide 13037354?
False
Does 49 divide 520135?
True
Is 11608091 a multiple of 274?
False
Is 223 a factor of 59271?
False
Is 28 a factor of 660296?
True
Is 1149456 a multiple of 22?
True
Is 21844721 a multiple of 15?
False
Does 32 divide 179456?
True
Is 879026 a multiple of 289?
False
Is 76 a factor of 3662820?
Tr